{"id":4765,"date":"2024-09-27T16:34:54","date_gmt":"2024-09-27T16:34:54","guid":{"rendered":"https:\/\/mostra.es\/?post_type=bases-concurso&#038;p=4765"},"modified":"2024-09-27T17:23:00","modified_gmt":"2024-09-27T17:23:00","slug":"xxxi-jovenes-disenadores-2025","status":"publish","type":"bases-concurso","link":"https:\/\/mostra.es\/es\/bases-concurso\/xxxi-jovenes-disenadores-2025\/","title":{"rendered":"XXXI J\u00f3venes Dise\u00f1adores 2025"},"content":{"rendered":"<p>El Ayuntamiento de Camari\u00f1as ha publicado en el Bolet\u00edn Oficial de la Provincia (BOP) las bases del XXXI Concurso de Nuevos Dise\u00f1adores para la XXXIV Muestra de Encaje de Camari\u00f1as, Deputaci\u00f3n da Coru\u00f1a, que se celebrar\u00e1 entre el 16 y el 20 de abril de 2025.<\/p>\n\n\n\n<p>El objetivo principal del concurso es incentivar y promover la aplicaci\u00f3n del encaje de Camari\u00f1as en la moda. La principal novedad de esta edici\u00f3n es que, a trav\u00e9s de la valoraci\u00f3n del jurado oficial, se premiar\u00e1n las cuatro mejores colecciones en lugar de tres, como hasta ahora. El primer premio estar\u00e1 dotado con 2.100 euros, el segundo con 1.200 euros, el tercero con 700 euros y el cuarto con 500 euros.<\/p>\n\n\n\n<p>El plazo de presentaci\u00f3n de obras comienza hoy lunes 2 de septiembre y finaliza el 2 de diciembre de 2024. Los cuatro dise\u00f1os que componen la colecci\u00f3n deber\u00e1n llevar aplicado encaje de Camari\u00f1as y no se aceptar\u00e1n aquellos con encajes diferentes.<\/p>\n\n\n\n<p>Podr\u00e1n participar en la convocatoria todos los dise\u00f1adores noveles, de entre 18 y 40 a\u00f1os, independientemente de su nacionalidad o pa\u00eds de residencia, siempre que sean estudiantes que cursen estudios en centros que impartan t\u00e9cnicas de dise\u00f1o y confecci\u00f3n, hayan finalizado o no sus estudios; y todas aquellas personas vinculadas al mundo del dise\u00f1o que, a pesar de ser profesionales del sector de la moda, por mantener una relaci\u00f3n contractual o aut\u00f3noma con una empresa del sector, no formen parte del mismo equipo de dise\u00f1o.<\/p>\n\n\n\n<p>La participaci\u00f3n podr\u00e1 realizarse de forma individual o en grupo, en este \u00faltimo caso con un m\u00e1ximo de tres personas. Cada participante presentar\u00e1 una colecci\u00f3n compuesta por 4 dise\u00f1os. La tem\u00e1tica y modalidad es libre tanto para moda masculina como femenina. Quedan excluidos los dise\u00f1os de moda infantil.<\/p>\n\n\n\n<p>La presentaci\u00f3n de la documentaci\u00f3n se podr\u00e1 realizar en la Casa do Concello de Camari\u00f1as, Plaza de Insuela n\u00famero 57, en horario de oficina, de 9:00 a 14:00 horas de lunes a viernes, y mediante correo certificado.<\/p>\n\n\n\n<p>La concejala de Encaje, Encarna Li\u00f1eiro, espera que \u201cun a\u00f1o m\u00e1s, las ni\u00f1as y ni\u00f1os que participan en el certamen sigan manteniendo el alto nivel mostrado en ediciones anteriores\u201d y les anima a \u201cseguir apostando por el encaje como herramienta y elemento de vanguardia\u201d.<\/p>","protected":false},"excerpt":{"rendered":"<p>El plazo de presentaci\u00f3n de obras finaliza el 1 de diciembre de 2024. Se repartir\u00e1n 4.500 euros en premios, con reconocimiento al mejor dise\u00f1o, segundo mejor dise\u00f1o, tercer mejor dise\u00f1o y a la colecci\u00f3n m\u00e1s comercial, una novedad presentada el a\u00f1o pasado.<\/p>","protected":false},"featured_media":4757,"template":"","ano-da-edicion":[],"class_list":["post-4765","bases-concurso","type-bases-concurso","status-publish","has-post-thumbnail","hentry"],"_links":{"self":[{"href":"https:\/\/mostra.es\/es\/wp-json\/wp\/v2\/bases-concurso\/4765","targetHints":{"allow":["GET"]}}],"collection":[{"href":"https:\/\/mostra.es\/es\/wp-json\/wp\/v2\/bases-concurso"}],"about":[{"href":"https:\/\/mostra.es\/es\/wp-json\/wp\/v2\/types\/bases-concurso"}],"version-history":[{"count":0,"href":"https:\/\/mostra.es\/es\/wp-json\/wp\/v2\/bases-concurso\/4765\/revisions"}],"wp:featuredmedia":[{"embeddable":true,"href":"https:\/\/mostra.es\/es\/wp-json\/wp\/v2\/media\/4757"}],"wp:attachment":[{"href":"https:\/\/mostra.es\/es\/wp-json\/wp\/v2\/media?parent=4765"}],"wp:term":[{"taxonomy":"ano-da-edicion","embeddable":true,"href":"https:\/\/mostra.es\/es\/wp-json\/wp\/v2\/ano-da-edicion?post=4765"}],"curies":[{"name":"gracias","href":"https:\/\/api.w.org\/{rel}","templated":true}]}}

XXXI Jóvenes Diseñadores 2025

<p>El Ayuntamiento de Camariñas ha publicado en el Boletín Oficial de la Provincia (BOP) las bases del XXXI Concurso de Nuevos Diseñadores para la XXXIV Muestra de Encaje de Camariñas, Deputación da Coruña, que se celebrará entre el 16 y el 20 de abril de 2025.</p>



<p>El objetivo principal del concurso es incentivar y promover la aplicación del encaje de Camariñas en la moda. La principal novedad de esta edición es que, a través de la valoración del jurado oficial, se premiarán las cuatro mejores colecciones en lugar de tres, como hasta ahora. El primer premio estará dotado con 2.100 euros, el segundo con 1.200 euros, el tercero con 700 euros y el cuarto con 500 euros.</p>



<p>El plazo de presentación de obras comienza hoy lunes 2 de septiembre y finaliza el 2 de diciembre de 2024. Los cuatro diseños que componen la colección deberán llevar aplicado encaje de Camariñas y no se aceptarán aquellos con encajes diferentes.</p>



<p>Podrán participar en la convocatoria todos los diseñadores noveles, de entre 18 y 40 años, independientemente de su nacionalidad o país de residencia, siempre que sean estudiantes que cursen estudios en centros que impartan técnicas de diseño y confección, hayan finalizado o no sus estudios; y todas aquellas personas vinculadas al mundo del diseño que, a pesar de ser profesionales del sector de la moda, por mantener una relación contractual o autónoma con una empresa del sector, no formen parte del mismo equipo de diseño.</p>



<p>La participación podrá realizarse de forma individual o en grupo, en este último caso con un máximo de tres personas. Cada participante presentará una colección compuesta por 4 diseños. La temática y modalidad es libre tanto para moda masculina como femenina. Quedan excluidos los diseños de moda infantil.</p>



<p>La presentación de la documentación se podrá realizar en la Casa do Concello de Camariñas, Plaza de Insuela número 57, en horario de oficina, de 9:00 a 14:00 horas de lunes a viernes, y mediante correo certificado.</p>



<p>La concejala de Encaje, Encarna Liñeiro, espera que “un año más, las niñas y niños que participan en el certamen sigan manteniendo el alto nivel mostrado en ediciones anteriores” y les anima a “seguir apostando por el encaje como herramienta y elemento de vanguardia”.</p>

<p>El plazo de presentación de obras finaliza el 1 de diciembre de 2024. Se repartirán 4.500 euros en premios, con reconocimiento al mejor diseño, segundo mejor diseño, tercer mejor diseño y a la colección más comercial, una novedad presentada el año pasado.</p>
